{"id":306,"date":"2023-09-02T23:46:22","date_gmt":"2023-09-02T21:46:22","guid":{"rendered":"https:\/\/hundesaloon.de\/hunderassen\/?page_id=306"},"modified":"2023-11-12T12:59:56","modified_gmt":"2023-11-12T11:59:56","slug":"golden-retriever-fci-standard-111","status":"publish","type":"page","link":"https:\/\/hundesaloon.de\/hunderassen\/golden-retriever-fci-standard-111","title":{"rendered":"Golden Retriever | FCI-Standard No.111"},"content":{"rendered":"<hr \/>\n<pre><strong>F\u00e9d\u00e9ration Cynologique Internationale Standard der Rasse No. 111 \/ 29. 01. 1999 \/ DE<\/strong>\r\n\u00a0\r\n\u00dcbersetzung: Uwe H. Fischer<\/pre>\n<p style=\"text-align: right;\">Dev 1.0; hr-301023<\/p>\n<hr \/>\n<h1>Rassestandard Golden Retriever<\/h1>\n<p><strong>URSPRUNG<\/strong> | Gro\u00dfbritanien<\/p>\n<p>&nbsp;<\/p>\n<h2>1. DATUM DER PUBLIKATION DES G\u00dcLTIGEN ORIGINAL- STANDARDS<\/h2>\n<ul>\n<li>28. 07. 2009<\/li>\n<\/ul>\n<p>&nbsp;<\/p>\n<h2>2. VERWENDUNG<\/h2>\n<ul>\n<li>Apportierhund f\u00fcr die Flintenjagd<\/li>\n<\/ul>\n<p>&nbsp;<\/p>\n<h2>3. KLASSIFIKATION FCI<strong><br \/>\n<\/strong><\/h2>\n<ul>\n<li><strong>Gruppe 8<\/strong> &#8211; Apportierhunde, St\u00f6berhunde, Wasserhunde\n<ul>\n<li><strong>Sektion 1<\/strong> &#8211; Apportierhunde\n<ul>\n<li>Mit Arbeitspr\u00fcfung<\/li>\n<\/ul>\n<\/li>\n<\/ul>\n<\/li>\n<\/ul>\n<p>&nbsp;<\/p>\n<h2>4. ALLGEMEINES ERSCHEINUNGSBILD<\/h2>\n<ul>\n<li>Symmetrisch, harmonisch, lebhaft, kraftvoll, ausgeglichene Bewegung; kernig bei freundlichem Ausdruck<\/li>\n<\/ul>\n<p>&nbsp;<\/p>\n<h2>5. VERHALTEN \/ CHARAKTER (WESEN)<\/h2>\n<ul>\n<li>Wille zum Gehorsam, intelligent mit nat\u00fcrlicher Anlage zu arbeiten. Freundlich, liebensw\u00fcrdig und zutraulich<\/li>\n<\/ul>\n<p>&nbsp;<\/p>\n<h2>6. KOPF<\/h2>\n<ul>\n<li>Proportioniert und wohlgeformt<\/li>\n<\/ul>\n<h3 style=\"padding-left: 40px;\">6.1 OBERKOPF<\/h3>\n<h4 style=\"padding-left: 80px;\">6.1.1 SCH\u00c4DEL<\/h4>\n<p style=\"padding-left: 80px;\">Breit ohne grob zu sein, gut auf dem Hals sitzend<\/p>\n<h4 style=\"padding-left: 80px;\">6.1.2 STOP<\/h4>\n<p style=\"padding-left: 80px;\">Ausgepr\u00e4gt<\/p>\n<h3 style=\"padding-left: 40px;\">6.2 GESICHTSSCH\u00c4DEL<\/h3>\n<h4 style=\"padding-left: 80px;\">6.2.1 NASENSCHWAMM<\/h4>\n<p style=\"padding-left: 80px;\">Vorzugsweise schwarz<\/p>\n<h4 style=\"padding-left: 80px;\">6.2.2 FANG<\/h4>\n<p style=\"padding-left: 80px;\">Kr\u00e4ftig, breit und tief, von ann\u00e4hernd gleicher L\u00e4nge wie der Sch\u00e4del vom Stop zum Hinterhauptbein<\/p>\n<h4 style=\"padding-left: 80px;\">6.2.3 KIEFER\/ Z\u00c4HNE<\/h4>\n<p style=\"padding-left: 80px;\">Kr\u00e4ftige Kiefer mit einem perfekten, regelm\u00e4\u00dfigen und vollst\u00e4ndigen Scherengebiss, wobei die obere Schneidezahnreihe ohne Zwischenraum \u00fcber die untere greift und die Z\u00e4hne senkrecht im Kiefer stehen<\/p>\n<h4 style=\"padding-left: 80px;\">6.2.4 AUGEN<\/h4>\n<p style=\"padding-left: 80px;\">Dunkelbraun, weit voneinander angesetzt, dunkle Lidr\u00e4nder<\/p>\n<h4 style=\"padding-left: 80px;\"><strong>6.2.5 <\/strong>BEHANG<\/h4>\n<p style=\"padding-left: 80px;\">Mittelgro\u00df , ungef\u00e4hr in H\u00f6he der Augen angesetzt<\/p>\n<h3 style=\"padding-left: 40px;\">6.3 HALS<\/h3>\n<ul>\n<li style=\"list-style-type: none;\">\n<ul>\n<li>Von guter L\u00e4nge , trocken und muskul\u00f6s<\/li>\n<\/ul>\n<\/li>\n<\/ul>\n<p>&nbsp;<\/p>\n<h2>7. K\u00d6RPER<\/h2>\n<ul>\n<li>Harmonisch<\/li>\n<\/ul>\n<h3 style=\"padding-left: 40px;\">7.1 R\u00dcCKEN<\/h3>\n<p style=\"padding-left: 40px;\">Gerade obere Linie<\/p>\n<h3 style=\"padding-left: 40px;\">7.2 LENDEN<\/h3>\n<p style=\"padding-left: 40px;\">Kr\u00e4ftig, muskul\u00f6s, kurz<\/p>\n<h3 style=\"padding-left: 40px;\">7.3 BRUST<\/h3>\n<p style=\"padding-left: 40px;\">Tiefer Brustkorb. Rippen tief und gut gew\u00f6lbt<\/p>\n<h3 style=\"padding-left: 40px;\">7.4 RUTE<\/h3>\n<p style=\"padding-left: 40px;\">In H\u00f6he der R\u00fcckenlinie angesetzt und getragen, bis zu den Sprunggelenken reichend. Ohne Biegung am Rutenende<\/p>\n<p>&nbsp;<\/p>\n<h2>8. GLIEDMASSEN<\/h2>\n<h3 style=\"padding-left: 40px;\">8.1 VORDERHAND<\/h3>\n<h4 style=\"padding-left: 80px;\">8.1.1 VORDERL\u00c4UFE<\/h4>\n<p style=\"padding-left: 80px;\">gerade mit kr\u00e4ftigen Knochen<\/p>\n<h4 style=\"padding-left: 80px;\">8.1.2 SCHULTERN<\/h4>\n<p style=\"padding-left: 80px;\">Gut zur\u00fcckliegend, langes Schulterblatt<\/p>\n<h4 style=\"padding-left: 80px;\">8.1.3 OBERARM<\/h4>\n<p style=\"padding-left: 80px;\">Gleich lang wie das Schulterblatt; dadurch L\u00e4ufe gut unter den Rumpf gestellt.<\/p>\n<h4 style=\"padding-left: 80px;\">8.1.4 ELLENBOGEN<\/h4>\n<p style=\"padding-left: 80px;\">Gut anliegend<\/p>\n<h4><\/h4>\n<h3 style=\"padding-left: 40px;\">8.2 HINTERHAND<\/h3>\n<h4 style=\"padding-left: 80px;\">8.2.1 L\u00c4UFE<\/h4>\n<p style=\"padding-left: 80px;\">kr\u00e4ftig und muskul\u00f6s<\/p>\n<h4 style=\"padding-left: 80px;\">8.2.2 KNIEGELENKE<\/h4>\n<p style=\"padding-left: 80px;\">Gut gewinkelt<\/p>\n<h4 style=\"padding-left: 80px;\">8.2.3 UNTERSCHENKEL<\/h4>\n<p style=\"padding-left: 80px;\">Von guter L\u00e4nge<\/p>\n<h4 style=\"padding-left: 80px;\">8.2.4 SPRUNGGELENKE<\/h4>\n<p style=\"padding-left: 80px;\">Gut gewinkelt, tief angesetzt. Von hinten betrachtet gerade, nicht ein- oder ausgedreht. Kuhhessigkeit in h\u00f6chstem Grade unerw\u00fcnscht<\/p>\n<p>&nbsp;<\/p>\n<h3 style=\"padding-left: 40px;\">8.3 PFOTEN<\/h3>\n<p style=\"padding-left: 40px;\">Rund, Katzenpfoten<\/p>\n<p>&nbsp;<\/p>\n<h2>9. GANGWERK<\/h2>\n<ul>\n<li>Kraftvoll mit gutem Schub<\/li>\n<li>Gerade und parallel in Vorder- und Hinterhand<\/li>\n<li>Vortritt ausgreifend und frei, dabei ohne Anzeichen von Steppen (Hochheben der Vorderl\u00e4ufe)<\/li>\n<\/ul>\n<p>&nbsp;<\/p>\n<h2>10. HAARKLEID<\/h2>\n<h3 style=\"padding-left: 40px;\">10.1 HAAR<\/h3>\n<p style=\"padding-left: 40px;\">Glatt oder wellig mit guter Befederung, dichte Wasser absto\u00dfende Unterwolle<\/p>\n<h3 style=\"padding-left: 40px;\">10.2 FARBE<\/h3>\n<p style=\"padding-left: 40px;\">Jede Schattierung von gold oder cremefarben, weder rot noch Mahagoni. Einige wenige wei\u00dfe Haare, allerdings nur an der Brust, sind zul\u00e4ssig<\/p>\n<p>&nbsp;<\/p>\n<h2>11. GR\u00d6SSE<\/h2>\n<h3 style=\"padding-left: 40px;\">11.1 WIDERRISTH\u00d6HE<\/h3>\n<ul>\n<li style=\"list-style-type: none;\">\n<ul>\n<li><strong>R\u00fcden<\/strong>: 56 &#8211; 61 cm<\/li>\n<li><strong>H\u00fcndinnen<\/strong>: 51 &#8211; 56 cm<\/li>\n<\/ul>\n<\/li>\n<\/ul>\n<p>&nbsp;<\/p>\n<h2>12. FEHLER<\/h2>\n<ul>\n<li>Jede Abweichung von den vorgenannten Punkten muss als Fehler angesehen werden, dessen Bewertung in genauem Verh\u00e4ltnis zum Grad der Abweichung stehen sollte und dessen Einfluss auf die Gesundheit und das Wohlbefinden des Hundes und seine F\u00e4higkeit, die verlangte rassetypische Arbeit zu erbringen, zu beachten ist.<\/li>\n<\/ul>\n<p>&nbsp;<\/p>\n<h2>13. N. B.<\/h2>\n<ul>\n<li>R\u00fcden m\u00fcssen zwei offensichtlich normal entwickelte Hoden aufweisen, die sich vollst\u00e4ndig im Hodensack befinden<\/li>\n<li>Zur Zucht sollen ausschlie\u00dflich funktional und klinisch gesunde, rassetypische Hunde verwendet werden<\/li>\n<\/ul>\n<p>&nbsp;<\/p>\n<hr \/>\n<p>weiterf\u00fchrende Informationen:<\/p>\n<ol>\n<li>Bildquelle: Die verwendete Bild-Datei [<a title=\"Externer Link: Wikimedia\" href=\"https:\/\/commons.wikimedia.org\/wiki\/File:Golden_Retriever_Carlos_(10581910556).jpg\" target=\"_blank\" rel=\"noopener\">Golden_Retriever_Carlos_(10581910556).jpg<\/a>] ist lizenziert unter der Creative Commons <a title=\"Externer Link: Creative Commons\" href=\"https:\/\/creativecommons.org\/licenses\/by\/2.0\/deed.de\" target=\"_blank\" rel=\"noopener\">Attribution 2.0<\/a> Generic Lizenz. Sie wurde nicht bearbeitet oder ver\u00e4ndert. Lediglich die Bildgr\u00f6\u00dfe wurde von der Website automatisch, proportional dem Design angepasst und die Dateigr\u00f6\u00dfe durch Komprimierung verringert, um so eine bessere Nutzung und ein schnelleres laden der Seite zu erm\u00f6glichen.<\/li>\n<li>Original-Standard der F\u00e9d\u00e9ration Cynologique Internationale (FCI) <a title=\"Externer Link: fci.be\" href=\"https:\/\/fci.be\/de\/nomenclature\/GOLDEN-RETRIEVER-111.html\" target=\"_blank\" rel=\"noopener\">in anderen Sprachen und als PDF-Download<\/a><\/li>\n<\/ol>\n","protected":false},"excerpt":{"rendered":"<p>F\u00e9d\u00e9ration Cynologique Internationale Standard der Rasse No. 111 \/ 29. 01. 1999 \/ DE \u00a0 \u00dcbersetzung: Uwe H. Fischer Dev 1.0; hr-301023 Rassestandard Golden Retriever URSPRUNG | Gro\u00dfbritanien &nbsp; 1. DATUM DER PUBLIKATION DES G\u00dcLTIGEN ORIGINAL- STANDARDS 28. 07. 2009 &nbsp; 2. VERWENDUNG Apportierhund f\u00fcr die Flintenjagd &nbsp; 3. KLASSIFIKATION FCI Gruppe 8 &#8211; Apportierhunde,&#8230;<\/p>\n","protected":false},"author":2,"featured_media":430,"parent":0,"menu_order":0,"comment_status":"closed","ping_status":"open","template":"","meta":{"footnotes":""},"class_list":["post-306","page","type-page","status-publish","has-post-thumbnail","hentry"],"_links":{"self":[{"href":"https:\/\/hundesaloon.de\/hunderassen\/wp-json\/wp\/v2\/pages\/306","targetHints":{"allow":["GET"]}}],"collection":[{"href":"https:\/\/hundesaloon.de\/hunderassen\/wp-json\/wp\/v2\/pages"}],"about":[{"href":"https:\/\/hundesaloon.de\/hunderassen\/wp-json\/wp\/v2\/types\/page"}],"author":[{"embeddable":true,"href":"https:\/\/hundesaloon.de\/hunderassen\/wp-json\/wp\/v2\/users\/2"}],"replies":[{"embeddable":true,"href":"https:\/\/hundesaloon.de\/hunderassen\/wp-json\/wp\/v2\/comments?post=306"}],"version-history":[{"count":10,"href":"https:\/\/hundesaloon.de\/hunderassen\/wp-json\/wp\/v2\/pages\/306\/revisions"}],"predecessor-version":[{"id":485,"href":"https:\/\/hundesaloon.de\/hunderassen\/wp-json\/wp\/v2\/pages\/306\/revisions\/485"}],"wp:featuredmedia":[{"embeddable":true,"href":"https:\/\/hundesaloon.de\/hunderassen\/wp-json\/wp\/v2\/media\/430"}],"wp:attachment":[{"href":"https:\/\/hundesaloon.de\/hunderassen\/wp-json\/wp\/v2\/media?parent=306"}],"curies":[{"name":"wp","href":"https:\/\/api.w.org\/{rel}","templated":true}]}}